2402420800?
True
Is 17765432 a multiple of 29?
False
Is 157912741 a multiple of 49?
True
Is 23031264 a multiple of 327?
True
Is 275750783 a multiple of 119?
False
Is 87681160 a multiple of 5?
True
Is 987 a factor of 228461308?
False
Is 26467911 a multiple of 9?
True
Does 382 divide 1220275?
False
Does 2768 divide 56226784?
False
Does 3018 divide 2375108409?
False
Does 1441 divide 1677033623?
False
Is 16 a factor of 25812746?
False
Does 19 divide 80754566?
False
Does 74 divide 890905866?
False
Is 97 a factor of 151379108?
False
Does 10 divide 132385420?
True
Is 34 a factor of 3672180?
False
Does 441 divide 39551207?
False
Is 5 a factor of 4230167?
False
Does 1314 divide 14653728?
True
Is 8384770 a multiple of 3?
False
Is 588 a factor of 85514496?
False
Does 8 divide 36642022?
False
Is 69 a factor of 380944835?
False
Does 667 divide 1610805?
True
Is 231868764 a multiple of 338?
False
Is 429297584 a multiple of 417?
False
Is 6112330 a multiple of 29?
True
Is 15775578 a multiple of 91?
True
Does 39 divide 45289108?
False
Is 7 a factor of 28788074?
True
Does 16 divide 25181225?
False
Does 331 divide 54792085?
True
Is 133164039 a multiple of 65?
False
Does 9 divide 21838257?
True
Does 604 divide 152437520?
True
Does 3 divide 229727530?
False
Is 7369410 a multiple of 563?
False
Is 7 a factor of 42019639?
False
Is 381 a factor of 63950088?
True
Is 262 a factor of 3164174?
True
Is 8 a factor of 2065666568?
True
Is 994 a factor of 212038092?
True
Is 96973502 a multiple of 47?
True
Is 24 a factor of 185313366?
False
Is 1939 a factor of 27668536?
False
Is 278294346 a multiple of 66?
True
Is 93525944 a multiple of 280?
False
Is 143 a factor of 388152001?
False
Is 66622685 a multiple of 282?
False
Is 355 a factor of 3812304881?
False
Does 13 divide 174908149?
True
Does 9 divide 199135944?
True
Is 98867003 a multiple of 35?
False
Does 30 divide 2353485006?
False
Does 76 divide 141074392?
True
Is 4750 a factor of 774549250?
True
Is 146741012 a multiple of 1909?
True
Does 75 divide 3356379900?
True
Is 3192 a factor of 446056464?
True
Does 99 divide 228409067?
False
Is 340755240 a multiple of 35?
True
Is 11 a factor of 42175595?
True
Is 269548633 a multiple of 56?
False
Is 40 a factor of 68553040?
True
Does 27 divide 25365339?
True
Is 13 a factor of 678055499?
False
Is 10 a factor of 5881943?
False
Is 20 a factor of 86499240?
True
Is 125633809 a multiple of 10?
False
Does 6 divide 924405516?
True
Does 173 divide 54432893?
True
Does 173 divide 4909913?
True
Is 60086856 a multiple of 4776?
True
Is 9 a factor of 36822232?
False
Is 4855 a factor of 191524895?
True
Is 2095 a factor of 225325999?
False
Is 235 a factor of 14946470?
True
Is 474 a factor of 14103396?
True
Does 11 divide 793846845?
True
Is 590163225 a multiple of 653?
False
Is 723008130 a multiple of 65?
True
Does 102 divide 18948145?
False
Is 3701 a factor of 534116?
False
Does 12726 divide 4199891479?
False
Does 55 divide 3462971898?
False
Is 108 a factor of 1254802163?
False
Does 26 divide 111303504?
True
Is 2718 a factor of 4228330?
False
Is 30981470 a multiple of 10?
True
Is 681164477 a multiple of 32?
False
Is 38933966 a multiple of 146?
True
Is 527674298 a multiple of 616?
False
Does 911 divide 441279780?
False
Does 131 divide 507487450?
True
Is 2 a factor of 7094239?
False
Is 912940935 a multiple of 10?
False
Is 201764631 a multiple of 3?
True
Is 1597 a factor of 47151049?
False
Is 1790203653 a multiple of 21?
True
Is 131 a factor of 156363172?
True
Does 105 divide 2106405?
True
Is 89040936 a multiple of 2454?
True
Does 12 divide 17907251?
False
Is 25470800 a multiple of 37?
True
Is 117 a factor of 43057708?
False
Does 79 divide 260136897?
False
Is 16 a factor of 30666378?
False
Is 46 a factor of 84473250?
True
Does 124 divide 1281642?
False
Is 6385446732 a multiple of 2667?
False
Is 1204 a factor of 680191372?
True
Does 2189 divide 422777229?
False
Is 18128831 a multiple of 31?
True
Is 39 a factor of 36923406?
True
Is 853 a factor of 60843918?
False
Is 29 a factor of 2414116368?
True
Is 5 a factor of 5190?
True
Is 14 a factor of 1017001276?
False
Does 22 divide 8453984?
True
Does 523 divide 597345496?
True
Is 1214 a factor of 107822408?
False
Is 1028 a factor of 136812408?
True
Is 75 a factor of 345987156?
False
Is 68 a factor of 453008520?
True
Does 734 divide 20019047?
False
Does 16 divide 13407744?
True
Is 51990794 a multiple of 2278?
True
Does 632 divide 6505176?
True
Does 4101 divide 2387424699?
False
Is 19263959 a multiple of 5?
False
Is 235 a factor of 49638673?
False
Does 530 divide 1343320510?
True
Is 13 a factor of 224248739?
True
Is 1295524936 a multiple of 412?
True
Does 54 divide 546965622?
True
Is 51 a factor of 21926019?
False
Is 48 a factor of 10179373?
False
Is 1752 a factor of 1703435256?
False
Is 112866671 a multiple of 1641?
False
Is 103 a factor of 92293768?
True
Does 1240 divide 25559309?
False
Is 78608938 a multiple of 16?
False
Is 345 a factor of 1556942793?
False
Is 9899227 a multiple of 667?
False
Does 597 divide 5899647?
False
Is 6005642 a multiple of 106?
True
Does 100 divide 44699700?
True
Is 804669440 a multiple of 5728?
True
Is 110 a factor of 39758892?
False
Is 15 a factor of 68835860?
False
Does 279 divide 78839602?
False
Does 3 divide 12517944?
True
Is 1419 a factor of 6495295?
False
Is 520 a factor of 100852440?
True
Is 508 a factor of 29998924?
True
Is 3 a factor of 37237083?
True
Is 136 a factor of 19263127?
False
Is 751 a factor of 15560720?
True
Is 206890008 a multiple of 519?
True
Is 46 a factor of 61983988?
True
Is 128 a factor of 320375296?
True
Is 29458919 a multiple of 3?
False
Does 770 divide 290112900?
True
Does 119 divide 31253684?
True
Is 245382130 a multiple of 4430?
True
Is 72 a factor of 669181248?
True
Does 268 divide 22739735?
False
Is 446600730 a multiple of 370?
True
Is 2216203444 a multiple of 793?
True
Does 156 divide 72259356?
True
Is 213 a factor of 1372677435?
True
Is 25441999 a multiple of 2?
False
Is 17 a factor of 20087846?
True
Is 41 a factor of 348047838?
False
Is 306251173 a multiple of 4426?
False
Is 134 a factor of 135617112?
True
Is 74444375 a multiple of 7?
False
Is 335 a factor of 470673009?
False
Is 184188473 a multiple of 29?
False
Does 218 divide 251292742?
True
Is 1511343421 a multiple of 35?
False
Is 61 a factor of 855349259?
True
Is 197 a factor of 48275868?
False
Is 678277710 a multiple of 37?
True
Does 35 divide 2016032?
False
Does 211 divide 38802689?
True
Is 3396558 a multiple of 127?
False
Is 320 a factor of 14559040?
True
Is 150418982 a multiple of 511?
True
Is 100185554 a multiple of 2145?
False
Is 169590527 a multiple of 13?
False
Is 1283 a factor of 33288718?
True
Does 3967 divide 1802430252?
True
Does 38 divide 21346044?
True
Does 70 divide 13563200?
True
Is 652 a factor of 934572236?
True
Is 90 a factor of 41850360?
True
Is 14027507 a multiple of 511?
False
Is 872571413 a multiple of 12?
False
Is 1285 a factor of 288841015?
True
Does 175 divide 5297075?
True
Is 947019838 a multiple of 3018?
False
Does 2428 divide 23062104?
False
Is 123 a factor of 23421322?
False
Does 2 divide 7754523?
False
Is 9124 a multiple of 88?
False
Is 6 a factor of 421305678?
True
Is 54780760 a multiple of 40?
True
Is 2232784868 a multiple of 41?
False
Does 8 divide 106580749?
False
Does 7 divide 142838404?
False
Is 49797130 a multiple of 1762?
False
Is 222798432 a multiple of 424?
True
Does 111 divide 156717237?
True
Does 286 divide 1724663?
False
Does 273 divide 7220577?
True
Is 49 a factor of 15632960?
True
Is 68969550 a multiple of 65?
True
Is 6712818 a multiple of 831?
True
Is 58776995 a multiple of 2079?
False
Does 47 divide 1026097655?
True
Is 30 a factor of 35460?
True
Does 25 divide 141442468?
False
Is 10 a factor of 27115860?
True
Is 673596 a multiple of 108?
True
Is 17 a factor of 137548275?
True
Is 4 a factor of 28497027?
False
Is 8 a factor of 806909840?
True
Does 50 divide 20633056?
False
Does 113 divide 111626598?
True
Is 36177727 a multiple of 168?
False
Is 91608785 a multiple of 1569?
False
Does 64 divide 53429325?
False
Is 714491720 a multiple of 130?
False
Does 416 divide 33146393?
False
Does 184 divide 498458944?
True
Does 86 divide 56977322?
True
Does 993 divide 192135729?
False
Does 152 divide 486906398?
Fal